{"id":38136,"date":"2026-03-25T11:01:13","date_gmt":"2026-03-25T14:01:13","guid":{"rendered":"https:\/\/explora.cl\/nuble\/?page_id=38136"},"modified":"2026-03-25T11:01:13","modified_gmt":"2026-03-25T14:01:13","slug":"biblioteca-digital-explora-nuble","status":"publish","type":"page","link":"https:\/\/explora.cl\/nuble\/biblioteca-digital-explora-nuble\/","title":{"rendered":"Biblioteca digital Explora \u00d1uble"},"content":{"rendered":"<p>&nbsp;<\/p>\n<p><img fetchpriority=\"high\" decoding=\"async\" class=\"aligncenter wp-image-38150 size-large\" src=\"https:\/\/explora.cl\/nuble\/wp-content\/uploads\/sites\/10\/2026\/03\/Biblioteca-Digital-03-4-1024x215.jpg\" alt=\"\" width=\"1024\" height=\"215\" srcset=\"https:\/\/explora.cl\/nuble\/wp-content\/uploads\/sites\/10\/2026\/03\/Biblioteca-Digital-03-4-1024x215.jpg 1024w, https:\/\/explora.cl\/nuble\/wp-content\/uploads\/sites\/10\/2026\/03\/Biblioteca-Digital-03-4-300x63.jpg 300w, https:\/\/explora.cl\/nuble\/wp-content\/uploads\/sites\/10\/2026\/03\/Biblioteca-Digital-03-4-768x161.jpg 768w, https:\/\/explora.cl\/nuble\/wp-content\/uploads\/sites\/10\/2026\/03\/Biblioteca-Digital-03-4-1536x323.jpg 1536w, https:\/\/explora.cl\/nuble\/wp-content\/uploads\/sites\/10\/2026\/03\/Biblioteca-Digital-03-4-2048x431.jpg 2048w\" sizes=\"(max-width: 1024px) 100vw, 1024px\" \/><\/p>\n<hr \/>\n<p>&nbsp;<\/p>\n<p>&nbsp;<\/p>\n<hr \/>\n<h4><\/h4>\n<hr \/>\n<h4 style=\"text-align: center\"><img decoding=\"async\" class=\"wp-image-38157 alignleft\" src=\"https:\/\/explora.cl\/nuble\/wp-content\/uploads\/sites\/10\/2026\/03\/Biblioteca-Digital-04-1024x164.png\" alt=\"\" width=\"600\" height=\"96\" srcset=\"https:\/\/explora.cl\/nuble\/wp-content\/uploads\/sites\/10\/2026\/03\/Biblioteca-Digital-04-1024x164.png 1024w, https:\/\/explora.cl\/nuble\/wp-content\/uploads\/sites\/10\/2026\/03\/Biblioteca-Digital-04-300x48.png 300w, https:\/\/explora.cl\/nuble\/wp-content\/uploads\/sites\/10\/2026\/03\/Biblioteca-Digital-04-768x123.png 768w, https:\/\/explora.cl\/nuble\/wp-content\/uploads\/sites\/10\/2026\/03\/Biblioteca-Digital-04-1536x246.png 1536w, https:\/\/explora.cl\/nuble\/wp-content\/uploads\/sites\/10\/2026\/03\/Biblioteca-Digital-04-2048x328.png 2048w\" sizes=\"(max-width: 600px) 100vw, 600px\" \/><\/h4>\n<p>&nbsp;<\/p>\n<p>&nbsp;<\/p>\n<p>&nbsp;<\/p>\n<p>&nbsp;<\/p>\n<p>&nbsp;<\/p>\n<blockquote class=\"wp-embedded-content\" data-secret=\"jar4ZTFJG1\"><p><a href=\"https:\/\/explora.cl\/nuble\/descarga-libros-digital-de-resumenes-de-investigacion-e-innovacion-escolar-2023-y-2024\/\">Descarga | Libros digitales de Res\u00famenes de Investigaci\u00f3n e Innovaci\u00f3n Escolar 2023 y 2024<\/a><\/p><\/blockquote>\n<p><iframe class=\"wp-embedded-content\" sandbox=\"allow-scripts\" security=\"restricted\" style=\"position: absolute; visibility: hidden;\" title=\"&#8220;Descarga | Libros digitales de Res\u00famenes de Investigaci\u00f3n e Innovaci\u00f3n Escolar 2023 y 2024&#8221; &#8212; \u00d1uble\" src=\"https:\/\/explora.cl\/nuble\/descarga-libros-digital-de-resumenes-de-investigacion-e-innovacion-escolar-2023-y-2024\/embed\/#?secret=3fvWeexnEw#?secret=jar4ZTFJG1\" data-secret=\"jar4ZTFJG1\" width=\"600\" height=\"338\" frameborder=\"0\" marginwidth=\"0\" marginheight=\"0\" scrolling=\"no\"><\/iframe><\/p>\n<p>&nbsp;<\/p>\n<hr \/>\n<h4><\/h4>\n<h4 style=\"text-align: center\"><\/h4>\n<hr \/>\n<p>&nbsp;<\/p>\n<p><img decoding=\"async\" class=\"wp-image-38164 alignleft\" src=\"https:\/\/explora.cl\/nuble\/wp-content\/uploads\/sites\/10\/2026\/03\/Biblioteca-Digital-05-1024x133.png\" alt=\"\" width=\"600\" height=\"78\" srcset=\"https:\/\/explora.cl\/nuble\/wp-content\/uploads\/sites\/10\/2026\/03\/Biblioteca-Digital-05-1024x133.png 1024w, https:\/\/explora.cl\/nuble\/wp-content\/uploads\/sites\/10\/2026\/03\/Biblioteca-Digital-05-300x39.png 300w, https:\/\/explora.cl\/nuble\/wp-content\/uploads\/sites\/10\/2026\/03\/Biblioteca-Digital-05-768x100.png 768w, https:\/\/explora.cl\/nuble\/wp-content\/uploads\/sites\/10\/2026\/03\/Biblioteca-Digital-05-1536x199.png 1536w, https:\/\/explora.cl\/nuble\/wp-content\/uploads\/sites\/10\/2026\/03\/Biblioteca-Digital-05-2048x265.png 2048w\" sizes=\"(max-width: 600px) 100vw, 600px\" \/><\/p>\n<p>&nbsp;<\/p>\n<p>&nbsp;<\/p>\n<p>&nbsp;<\/p>\n<p>&nbsp;<\/p>\n<blockquote class=\"wp-embedded-content\" data-secret=\"OHEX480CZY\"><p><a href=\"https:\/\/explora.cl\/nuble\/descarga-gratis-muevete-por-nuble\/\">Descarga gratis Mu\u00e9vete por \u00d1uble<\/a><\/p><\/blockquote>\n<p><iframe class=\"wp-embedded-content\" sandbox=\"allow-scripts\" security=\"restricted\" style=\"position: absolute; visibility: hidden;\" title=\"&#8220;Descarga gratis Mu\u00e9vete por \u00d1uble&#8221; &#8212; \u00d1uble\" src=\"https:\/\/explora.cl\/nuble\/descarga-gratis-muevete-por-nuble\/embed\/#?secret=paJ0ZLogMc#?secret=OHEX480CZY\" data-secret=\"OHEX480CZY\" width=\"600\" height=\"338\" frameborder=\"0\" marginwidth=\"0\" marginheight=\"0\" scrolling=\"no\"><\/iframe><\/p>\n<hr \/>\n<p>&nbsp;<\/p>\n<p>&nbsp;<\/p>\n<hr \/>\n<p>&nbsp;<\/p>\n<p><img loading=\"lazy\" decoding=\"async\" class=\"alignleft wp-image-38173\" src=\"https:\/\/explora.cl\/nuble\/wp-content\/uploads\/sites\/10\/2026\/03\/Biblioteca-Digital-06-1024x133.png\" alt=\"\" width=\"600\" height=\"78\" srcset=\"https:\/\/explora.cl\/nuble\/wp-content\/uploads\/sites\/10\/2026\/03\/Biblioteca-Digital-06-1024x133.png 1024w, https:\/\/explora.cl\/nuble\/wp-content\/uploads\/sites\/10\/2026\/03\/Biblioteca-Digital-06-300x39.png 300w, https:\/\/explora.cl\/nuble\/wp-content\/uploads\/sites\/10\/2026\/03\/Biblioteca-Digital-06-768x100.png 768w, https:\/\/explora.cl\/nuble\/wp-content\/uploads\/sites\/10\/2026\/03\/Biblioteca-Digital-06-1536x199.png 1536w, https:\/\/explora.cl\/nuble\/wp-content\/uploads\/sites\/10\/2026\/03\/Biblioteca-Digital-06-2048x265.png 2048w\" sizes=\"(max-width: 600px) 100vw, 600px\" \/><\/p>\n<p>&nbsp;<\/p>\n<p>&nbsp;<\/p>\n<p>&nbsp;<\/p>\n<p>&nbsp;<\/p>\n<blockquote class=\"wp-embedded-content\" data-secret=\"wvyQmp6LmV\"><p><a href=\"https:\/\/explora.cl\/nuble\/el-tesoro-de-nuble-juego\/\">El tesoro de \u00d1uble: relatos de nuestra regi\u00f3n<\/a><\/p><\/blockquote>\n<p><iframe class=\"wp-embedded-content\" sandbox=\"allow-scripts\" security=\"restricted\" style=\"position: absolute; visibility: hidden;\" title=\"&#8220;El tesoro de \u00d1uble: relatos de nuestra regi\u00f3n&#8221; &#8212; \u00d1uble\" src=\"https:\/\/explora.cl\/nuble\/el-tesoro-de-nuble-juego\/embed\/#?secret=oo2B322zAl#?secret=wvyQmp6LmV\" data-secret=\"wvyQmp6LmV\" width=\"600\" height=\"338\" frameborder=\"0\" marginwidth=\"0\" marginheight=\"0\" scrolling=\"no\"><\/iframe><\/p>\n<p>&nbsp;<\/p>\n<p>&nbsp;<\/p>\n<p>&nbsp;<\/p>\n<p style=\"text-align: center\">\n","protected":false},"excerpt":{"rendered":"<p>&nbsp; &nbsp; &nbsp; &nbsp; &nbsp; &nbsp; &nbsp; &nbsp; Descarga | Libros digitales de Res\u00famenes de Investigaci\u00f3n e Innovaci\u00f3n Escolar 2023 y 2024 &nbsp; &nbsp; &nbsp; &nbsp; &nbsp; &nbsp; &nbsp; &nbsp; &nbsp; &nbsp; &nbsp; &nbsp; &nbsp; &nbsp; &nbsp; &nbsp;<\/p>\n","protected":false},"author":25,"featured_media":38146,"parent":0,"menu_order":0,"comment_status":"closed","ping_status":"closed","template":"","meta":{"_acf_changed":false,"_exactmetrics_skip_tracking":false,"_exactmetrics_sitenote_active":false,"_exactmetrics_sitenote_note":"","_exactmetrics_sitenote_category":0,"footnotes":"","_links_to":"","_links_to_target":""},"class_list":["post-38136","page","type-page","status-publish","has-post-thumbnail","hentry"],"acf":[],"yoast_head":"<!-- This site is optimized with the Yoast SEO plugin v26.9 - https:\/\/yoast.com\/product\/yoast-seo-wordpress\/ -->\n<title>Biblioteca digital Explora \u00d1uble - \u00d1uble<\/title>\n<meta name=\"robots\" content=\"index, follow, max-snippet:-1, max-image-preview:large, max-video-preview:-1\" \/>\n<link rel=\"canonical\" href=\"https:\/\/explora.cl\/nuble\/biblioteca-digital-explora-nuble\/\" class=\"yoast-seo-meta-tag\" \/>\n<meta property=\"og:locale\" content=\"es_ES\" class=\"yoast-seo-meta-tag\" \/>\n<meta property=\"og:type\" content=\"article\" class=\"yoast-seo-meta-tag\" \/>\n<meta property=\"og:title\" content=\"Biblioteca digital Explora \u00d1uble - \u00d1uble\" class=\"yoast-seo-meta-tag\" \/>\n<meta property=\"og:description\" content=\"&nbsp; &nbsp; &nbsp; &nbsp; &nbsp; &nbsp; &nbsp; &nbsp; Descarga | Libros digitales de Res\u00famenes de Investigaci\u00f3n e Innovaci\u00f3n Escolar 2023 y 2024 &nbsp; &nbsp; &nbsp; &nbsp; &nbsp; &nbsp; &nbsp; &nbsp; &nbsp; &nbsp; &nbsp; &nbsp; &nbsp; &nbsp; &nbsp; &nbsp;\" class=\"yoast-seo-meta-tag\" \/>\n<meta property=\"og:url\" content=\"https:\/\/explora.cl\/nuble\/biblioteca-digital-explora-nuble\/\" class=\"yoast-seo-meta-tag\" \/>\n<meta property=\"og:site_name\" content=\"\u00d1uble\" class=\"yoast-seo-meta-tag\" \/>\n<meta property=\"og:image\" content=\"https:\/\/explora.cl\/nuble\/wp-content\/uploads\/sites\/10\/2026\/03\/Biblioteca-Digital-03-2-scaled.jpg\" class=\"yoast-seo-meta-tag\" \/>\n\t<meta property=\"og:image:width\" content=\"2560\" class=\"yoast-seo-meta-tag\" \/>\n\t<meta property=\"og:image:height\" content=\"538\" class=\"yoast-seo-meta-tag\" \/>\n\t<meta property=\"og:image:type\" content=\"image\/jpeg\" class=\"yoast-seo-meta-tag\" \/>\n<meta name=\"twitter:card\" content=\"summary_large_image\" class=\"yoast-seo-meta-tag\" \/>\n<meta name=\"twitter:label1\" content=\"Tiempo estimado de lectura\" class=\"yoast-seo-meta-tag\" \/>\n\t<meta name=\"twitter:data1\" content=\"2 minutos\" class=\"yoast-seo-meta-tag\" \/>\n<script type=\"application\/ld+json\" class=\"yoast-schema-graph\">{\"@context\":\"https:\/\/schema.org\",\"@graph\":[{\"@type\":\"WebPage\",\"@id\":\"https:\/\/explora.cl\/nuble\/biblioteca-digital-explora-nuble\/\",\"url\":\"https:\/\/explora.cl\/nuble\/biblioteca-digital-explora-nuble\/\",\"name\":\"Biblioteca digital Explora \u00d1uble - \u00d1uble\",\"isPartOf\":{\"@id\":\"https:\/\/explora.cl\/nuble\/#website\"},\"primaryImageOfPage\":{\"@id\":\"https:\/\/explora.cl\/nuble\/biblioteca-digital-explora-nuble\/#primaryimage\"},\"image\":{\"@id\":\"https:\/\/explora.cl\/nuble\/biblioteca-digital-explora-nuble\/#primaryimage\"},\"thumbnailUrl\":\"https:\/\/explora.cl\/nuble\/wp-content\/uploads\/sites\/10\/2026\/03\/Biblioteca-Digital-03-2-scaled.jpg\",\"datePublished\":\"2026-03-25T14:01:13+00:00\",\"breadcrumb\":{\"@id\":\"https:\/\/explora.cl\/nuble\/biblioteca-digital-explora-nuble\/#breadcrumb\"},\"inLanguage\":\"es-CL\",\"potentialAction\":[{\"@type\":\"ReadAction\",\"target\":[\"https:\/\/explora.cl\/nuble\/biblioteca-digital-explora-nuble\/\"]}]},{\"@type\":\"ImageObject\",\"inLanguage\":\"es-CL\",\"@id\":\"https:\/\/explora.cl\/nuble\/biblioteca-digital-explora-nuble\/#primaryimage\",\"url\":\"https:\/\/explora.cl\/nuble\/wp-content\/uploads\/sites\/10\/2026\/03\/Biblioteca-Digital-03-2-scaled.jpg\",\"contentUrl\":\"https:\/\/explora.cl\/nuble\/wp-content\/uploads\/sites\/10\/2026\/03\/Biblioteca-Digital-03-2-scaled.jpg\",\"width\":2560,\"height\":538},{\"@type\":\"BreadcrumbList\",\"@id\":\"https:\/\/explora.cl\/nuble\/biblioteca-digital-explora-nuble\/#breadcrumb\",\"itemListElement\":[{\"@type\":\"ListItem\",\"position\":1,\"name\":\"Portada\",\"item\":\"https:\/\/explora.cl\/nuble\/\"},{\"@type\":\"ListItem\",\"position\":2,\"name\":\"Biblioteca digital Explora \u00d1uble\"}]},{\"@type\":\"WebSite\",\"@id\":\"https:\/\/explora.cl\/nuble\/#website\",\"url\":\"https:\/\/explora.cl\/nuble\/\",\"name\":\"\u00d1uble\",\"description\":\"Otro sitio m\u00e1s de explora.cl\",\"potentialAction\":[{\"@type\":\"SearchAction\",\"target\":{\"@type\":\"EntryPoint\",\"urlTemplate\":\"https:\/\/explora.cl\/nuble\/?s={search_term_string}\"},\"query-input\":{\"@type\":\"PropertyValueSpecification\",\"valueRequired\":true,\"valueName\":\"search_term_string\"}}],\"inLanguage\":\"es-CL\"}]}<\/script>\n<!-- \/ Yoast SEO plugin. -->","yoast_head_json":{"title":"Biblioteca digital Explora \u00d1uble - \u00d1uble","robots":{"index":"index","follow":"follow","max-snippet":"max-snippet:-1","max-image-preview":"max-image-preview:large","max-video-preview":"max-video-preview:-1"},"canonical":"https:\/\/explora.cl\/nuble\/biblioteca-digital-explora-nuble\/","og_locale":"es_ES","og_type":"article","og_title":"Biblioteca digital Explora \u00d1uble - \u00d1uble","og_description":"&nbsp; &nbsp; &nbsp; &nbsp; &nbsp; &nbsp; &nbsp; &nbsp; Descarga | Libros digitales de Res\u00famenes de Investigaci\u00f3n e Innovaci\u00f3n Escolar 2023 y 2024 &nbsp; &nbsp; &nbsp; &nbsp; &nbsp; &nbsp; &nbsp; &nbsp; &nbsp; &nbsp; &nbsp; &nbsp; &nbsp; &nbsp; &nbsp; &nbsp;","og_url":"https:\/\/explora.cl\/nuble\/biblioteca-digital-explora-nuble\/","og_site_name":"\u00d1uble","og_image":[{"width":2560,"height":538,"url":"https:\/\/explora.cl\/nuble\/wp-content\/uploads\/sites\/10\/2026\/03\/Biblioteca-Digital-03-2-scaled.jpg","type":"image\/jpeg"}],"twitter_card":"summary_large_image","twitter_misc":{"Tiempo estimado de lectura":"2 minutos"},"schema":{"@context":"https:\/\/schema.org","@graph":[{"@type":"WebPage","@id":"https:\/\/explora.cl\/nuble\/biblioteca-digital-explora-nuble\/","url":"https:\/\/explora.cl\/nuble\/biblioteca-digital-explora-nuble\/","name":"Biblioteca digital Explora \u00d1uble - \u00d1uble","isPartOf":{"@id":"https:\/\/explora.cl\/nuble\/#website"},"primaryImageOfPage":{"@id":"https:\/\/explora.cl\/nuble\/biblioteca-digital-explora-nuble\/#primaryimage"},"image":{"@id":"https:\/\/explora.cl\/nuble\/biblioteca-digital-explora-nuble\/#primaryimage"},"thumbnailUrl":"https:\/\/explora.cl\/nuble\/wp-content\/uploads\/sites\/10\/2026\/03\/Biblioteca-Digital-03-2-scaled.jpg","datePublished":"2026-03-25T14:01:13+00:00","breadcrumb":{"@id":"https:\/\/explora.cl\/nuble\/biblioteca-digital-explora-nuble\/#breadcrumb"},"inLanguage":"es-CL","potentialAction":[{"@type":"ReadAction","target":["https:\/\/explora.cl\/nuble\/biblioteca-digital-explora-nuble\/"]}]},{"@type":"ImageObject","inLanguage":"es-CL","@id":"https:\/\/explora.cl\/nuble\/biblioteca-digital-explora-nuble\/#primaryimage","url":"https:\/\/explora.cl\/nuble\/wp-content\/uploads\/sites\/10\/2026\/03\/Biblioteca-Digital-03-2-scaled.jpg","contentUrl":"https:\/\/explora.cl\/nuble\/wp-content\/uploads\/sites\/10\/2026\/03\/Biblioteca-Digital-03-2-scaled.jpg","width":2560,"height":538},{"@type":"BreadcrumbList","@id":"https:\/\/explora.cl\/nuble\/biblioteca-digital-explora-nuble\/#breadcrumb","itemListElement":[{"@type":"ListItem","position":1,"name":"Portada","item":"https:\/\/explora.cl\/nuble\/"},{"@type":"ListItem","position":2,"name":"Biblioteca digital Explora \u00d1uble"}]},{"@type":"WebSite","@id":"https:\/\/explora.cl\/nuble\/#website","url":"https:\/\/explora.cl\/nuble\/","name":"\u00d1uble","description":"Otro sitio m\u00e1s de explora.cl","potentialAction":[{"@type":"SearchAction","target":{"@type":"EntryPoint","urlTemplate":"https:\/\/explora.cl\/nuble\/?s={search_term_string}"},"query-input":{"@type":"PropertyValueSpecification","valueRequired":true,"valueName":"search_term_string"}}],"inLanguage":"es-CL"}]}},"_links":{"self":[{"href":"https:\/\/explora.cl\/nuble\/wp-json\/wp\/v2\/pages\/38136","targetHints":{"allow":["GET"]}}],"collection":[{"href":"https:\/\/explora.cl\/nuble\/wp-json\/wp\/v2\/pages"}],"about":[{"href":"https:\/\/explora.cl\/nuble\/wp-json\/wp\/v2\/types\/page"}],"author":[{"embeddable":true,"href":"https:\/\/explora.cl\/nuble\/wp-json\/wp\/v2\/users\/25"}],"replies":[{"embeddable":true,"href":"https:\/\/explora.cl\/nuble\/wp-json\/wp\/v2\/comments?post=38136"}],"version-history":[{"count":26,"href":"https:\/\/explora.cl\/nuble\/wp-json\/wp\/v2\/pages\/38136\/revisions"}],"predecessor-version":[{"id":38176,"href":"https:\/\/explora.cl\/nuble\/wp-json\/wp\/v2\/pages\/38136\/revisions\/38176"}],"wp:featuredmedia":[{"embeddable":true,"href":"https:\/\/explora.cl\/nuble\/wp-json\/wp\/v2\/media\/38146"}],"wp:attachment":[{"href":"https:\/\/explora.cl\/nuble\/wp-json\/wp\/v2\/media?parent=38136"}],"curies":[{"name":"wp","href":"https:\/\/api.w.org\/{rel}","templated":true}]}}